{"id":239,"date":"2022-08-04T19:13:28","date_gmt":"2022-08-04T22:13:28","guid":{"rendered":"http:\/\/centrodezoonoses.campinagrande.pb.gov.br\/?page_id=239"},"modified":"2022-08-05T17:40:00","modified_gmt":"2022-08-05T20:40:00","slug":"competencia","status":"publish","type":"page","link":"https:\/\/centrodezoonoses.campinagrande.pb.gov.br\/?page_id=239","title":{"rendered":"Compet\u00eancia"},"content":{"rendered":"\t\t<div data-elementor-type=\"wp-page\" data-elementor-id=\"239\" class=\"elementor elementor-239\">\n\t\t\t\t\t\t<section class=\"elementor-section elementor-top-section elementor-element elementor-element-72cde46 elementor-section-boxed elementor-section-height-default elementor-section-height-default\" data-id=\"72cde46\" data-element_type=\"section\">\n\t\t\t\t\t\t<div class=\"elementor-container elementor-column-gap-default\">\n\t\t\t\t\t<div class=\"elementor-column elementor-col-100 elementor-top-column elementor-element elementor-element-eddbfd6\" data-id=\"eddbfd6\" data-element_type=\"column\">\n\t\t\t<div class=\"elementor-widget-wrap elementor-element-populated\">\n\t\t\t\t\t\t<div class=\"elementor-element elementor-element-41123fb elementor-widget elementor-widget-text-editor\" data-id=\"41123fb\" data-element_type=\"widget\" data-widget_type=\"text-editor.default\">\n\t\t\t\t<div class=\"elementor-widget-container\">\n\t\t\t\t\t\t\t\t\t<p style=\"margin-top:6.0pt;margin-right:0cm;margin-bottom:6.0pt;margin-left:\n0cm;text-align:justify;text-indent:35.45pt;line-height:150%\"><strong><span style=\"font-family:&quot;Arial&quot;,sans-serif;font-weight:normal\">O<\/span><\/strong><strong><span style=\"font-family:&quot;Arial&quot;,sans-serif\"> Centro de Controle de Zoonoses<\/span><\/strong><span style=\"font-family:&quot;Arial&quot;,sans-serif\">, ao contr\u00e1rio do que a maioria das\npessoas pensam, \u00e9 um \u00f3rg\u00e3o respons\u00e1vel por <strong>monitorar o controle e a prolifera\u00e7\u00e3o de doen\u00e7as\ntransmitidas por animais, as famosas zoonoses<\/strong>.<o:p><\/o:p><\/span><\/p><p style=\"margin-top:6.0pt;margin-right:0cm;margin-bottom:6.0pt;margin-left:\n0cm;text-align:justify;text-indent:35.45pt;line-height:150%\"><span style=\"font-family:&quot;Arial&quot;,sans-serif\">Este foi o prop\u00f3sito inicial para a\ncria\u00e7\u00e3o do centro, por\u00e9m, j\u00e1 se faz muito mais nos dias atuais. Na lista,\nentram eventos de conscientiza\u00e7\u00e3o ambiental, ado\u00e7\u00e3o de animais e como cuidar\nbem de um pet, por exemplo.&nbsp;<o:p><\/o:p><\/span><\/p><p style=\"margin-top:6.0pt;margin-right:0cm;margin-bottom:6.0pt;margin-left:\n0cm;text-align:justify;text-indent:35.45pt;line-height:150%\"><strong><span style=\"font-family:&quot;Arial&quot;,sans-serif\">As principais frentes de trabalho\ndesenvolvidas pelo <\/span><\/strong><b><span style=\"font-family:&quot;Arial&quot;,sans-serif\">Centro\nde Controle de Zoonoses (CCZ)<strong>\nde Campina Grande s\u00e3o:<o:p><\/o:p><\/strong><\/span><\/b><\/p><p style=\"margin-top:6.0pt;margin-right:0cm;margin-bottom:6.0pt;margin-left:\n0cm;text-align:justify;text-indent:35.45pt;line-height:150%\"><span style=\"font-family:&quot;Arial&quot;,sans-serif\"><br>\n\u2022 Programa de Vigil\u00e2ncia e Controle da Raiva;<o:p><\/o:p><\/span><\/p><p style=\"margin-top:6.0pt;margin-right:0cm;margin-bottom:6.0pt;margin-left:\n0cm;text-align:justify;text-indent:35.45pt;line-height:150%\"><span style=\"font-family:&quot;Arial&quot;,sans-serif\">&nbsp;<\/span><\/p><p style=\"margin-top:6.0pt;margin-right:0cm;margin-bottom:6.0pt;margin-left:\n0cm;text-align:justify;line-height:150%\"><span style=\"font-family:&quot;Arial&quot;,sans-serif\">\u2022\nPrograma de Vigil\u00e2ncia e Controle da Esporotricose;<o:p><\/o:p><\/span><\/p><p style=\"margin-top:6.0pt;margin-right:0cm;margin-bottom:6.0pt;margin-left:\n0cm;text-align:justify;line-height:150%\"><span style=\"font-family:&quot;Arial&quot;,sans-serif\">&nbsp;<\/span><\/p><p style=\"margin-top:6.0pt;margin-right:0cm;margin-bottom:6.0pt;margin-left:\n0cm;text-align:justify;line-height:150%\"><span style=\"font-family:&quot;Arial&quot;,sans-serif\">\u2022\nPrograma de Vigil\u00e2ncia e Controle da Leishmaniose;<o:p><\/o:p><\/span><\/p><p style=\"margin-top:6.0pt;margin-right:0cm;margin-bottom:6.0pt;margin-left:\n0cm;text-align:justify;text-indent:35.45pt;line-height:150%\"><span style=\"font-family:&quot;Arial&quot;,sans-serif\">&nbsp;<\/span><\/p><p style=\"margin-top:6.0pt;margin-right:0cm;margin-bottom:6.0pt;margin-left:\n0cm;text-align:justify;text-indent:35.45pt;line-height:150%\"><span style=\"font-family:&quot;Arial&quot;,sans-serif\">Desta forma, caso haja o conhecimento de\nalgum animal com suspeita de zoonose, de interesse da sa\u00fade p\u00fablica, o mun\u00edcipe\ndeve procurar este centro ou entrar em contato atrav\u00e9s do telefone\ninstitucional, para registrar uma ocorr\u00eancia para posterior atendimento pela\nequipe.<o:p><\/o:p><\/span><\/p><p style=\"margin-top:6.0pt;margin-right:0cm;margin-bottom:6.0pt;margin-left:\n0cm;text-align:justify;line-height:150%\"><span style=\"font-family:&quot;Arial&quot;,sans-serif\">&nbsp;<\/span><\/p><p style=\"margin-top:6.0pt;margin-right:0cm;margin-bottom:6.0pt;margin-left:\n0cm;text-align:justify;line-height:150%\"><strong><span style=\"font-family:&quot;Arial&quot;,sans-serif\">Recolhimento\nde animais de relev\u00e2ncia para a sa\u00fade p\u00fablica:<\/span><\/strong><span style=\"font-family:&quot;Arial&quot;,sans-serif\"><br>\n<br>\n\u2022 Animal que apresente risco iminente de transmiss\u00e3o de zoonoses de relev\u00e2ncia\npara a sa\u00fade p\u00fablica;<o:p><\/o:p><\/span><\/p><p style=\"margin-top:6.0pt;margin-right:0cm;margin-bottom:6.0pt;margin-left:\n0cm;text-align:justify;line-height:150%\"><span style=\"font-family:&quot;Arial&quot;,sans-serif\">\u2022\nEfetuado de maneira seletiva;<o:p><\/o:p><\/span><\/p><p style=\"margin-top:6.0pt;margin-right:0cm;margin-bottom:6.0pt;margin-left:\n0cm;text-align:justify;line-height:150%\"><span style=\"font-family:&quot;Arial&quot;,sans-serif\">\u2022\nAvaliando-se criteriosamente cada encaminhamento, reclama\u00e7\u00e3o ou solicita\u00e7\u00e3o;<o:p><\/o:p><\/span><\/p><p style=\"margin-top:6.0pt;margin-right:0cm;margin-bottom:6.0pt;margin-left: 0cm;text-align:justify;text-indent:35.45pt;line-height:150%\">\n\n\n\n\n\n\n\n\n\n\n\n\n\n\n\n\n\n\n\n\n\n\n\n\n\n\n\n<\/p><p style=\"margin-top:6.0pt;margin-right:0cm;margin-bottom:6.0pt;margin-left:\n0cm;text-align:justify;line-height:150%\"><span style=\"font-family:&quot;Arial&quot;,sans-serif\">\u2022\nConsiderando a situa\u00e7\u00e3o epidemiol\u00f3gica local e a sa\u00fade da popula\u00e7\u00e3o humana.<o:p><\/o:p><\/span><\/p>\t\t\t\t\t\t\t\t<\/div>\n\t\t\t\t<\/div>\n\t\t\t\t\t<\/div>\n\t\t<\/div>\n\t\t\t\t\t<\/div>\n\t\t<\/section>\n\t\t\t\t<\/div>\n\t\t","protected":false},"excerpt":{"rendered":"<p>O Centro de Controle de Zoonoses, ao contr\u00e1rio do que a maioria das pessoas pensam, \u00e9 um \u00f3rg\u00e3o respons\u00e1vel por monitorar o controle e a [&hellip;]<\/p>\n","protected":false},"author":1,"featured_media":0,"parent":0,"menu_order":0,"comment_status":"closed","ping_status":"closed","template":"","meta":{"footnotes":""},"class_list":["post-239","page","type-page","status-publish","hentry"],"_links":{"self":[{"href":"https:\/\/centrodezoonoses.campinagrande.pb.gov.br\/index.php?rest_route=\/wp\/v2\/pages\/239","targetHints":{"allow":["GET"]}}],"collection":[{"href":"https:\/\/centrodezoonoses.campinagrande.pb.gov.br\/index.php?rest_route=\/wp\/v2\/pages"}],"about":[{"href":"https:\/\/centrodezoonoses.campinagrande.pb.gov.br\/index.php?rest_route=\/wp\/v2\/types\/page"}],"author":[{"embeddable":true,"href":"https:\/\/centrodezoonoses.campinagrande.pb.gov.br\/index.php?rest_route=\/wp\/v2\/users\/1"}],"replies":[{"embeddable":true,"href":"https:\/\/centrodezoonoses.campinagrande.pb.gov.br\/index.php?rest_route=%2Fwp%2Fv2%2Fcomments&post=239"}],"version-history":[{"count":16,"href":"https:\/\/centrodezoonoses.campinagrande.pb.gov.br\/index.php?rest_route=\/wp\/v2\/pages\/239\/revisions"}],"predecessor-version":[{"id":284,"href":"https:\/\/centrodezoonoses.campinagrande.pb.gov.br\/index.php?rest_route=\/wp\/v2\/pages\/239\/revisions\/284"}],"wp:attachment":[{"href":"https:\/\/centrodezoonoses.campinagrande.pb.gov.br\/index.php?rest_route=%2Fwp%2Fv2%2Fmedia&parent=239"}],"curies":[{"name":"wp","href":"https:\/\/api.w.org\/{rel}","templated":true}]}}