{"id":429,"date":"2023-01-19T09:34:22","date_gmt":"2023-01-19T12:34:22","guid":{"rendered":"https:\/\/centrodezoonoses.campinagrande.pb.gov.br\/?page_id=429"},"modified":"2025-01-20T08:50:25","modified_gmt":"2025-01-20T11:50:25","slug":"castra-movel","status":"publish","type":"page","link":"https:\/\/centrodezoonoses.campinagrande.pb.gov.br\/?page_id=429","title":{"rendered":"Castra M\u00f3vel"},"content":{"rendered":"\t\t<div data-elementor-type=\"wp-page\" data-elementor-id=\"429\" class=\"elementor elementor-429\">\n\t\t\t\t\t\t<section class=\"elementor-section elementor-top-section elementor-element elementor-element-1e11d33 elementor-section-boxed elementor-section-height-default elementor-section-height-default\" data-id=\"1e11d33\" data-element_type=\"section\">\n\t\t\t\t\t\t<div class=\"elementor-container elementor-column-gap-default\">\n\t\t\t\t\t<div class=\"elementor-column elementor-col-100 elementor-top-column elementor-element elementor-element-dfc9986\" data-id=\"dfc9986\" data-element_type=\"column\">\n\t\t\t<div class=\"elementor-widget-wrap elementor-element-populated\">\n\t\t\t\t\t\t<div class=\"elementor-element elementor-element-fa13387 elementor-widget elementor-widget-heading\" data-id=\"fa13387\" data-element_type=\"widget\" data-widget_type=\"heading.default\">\n\t\t\t\t<div class=\"elementor-widget-container\">\n\t\t\t\t\t<h2 class=\"elementor-heading-title elementor-size-default\"><br>AGENDAMENTO PARA O CASTRA M\u00d3VEL\n\n<\/h2>\t\t\t\t<\/div>\n\t\t\t\t<\/div>\n\t\t\t\t<div class=\"elementor-element elementor-element-f531201 elementor-widget elementor-widget-heading\" data-id=\"f531201\" data-element_type=\"widget\" data-widget_type=\"heading.default\">\n\t\t\t\t<div class=\"elementor-widget-container\">\n\t\t\t\t\t<h2 class=\"elementor-heading-title elementor-size-default\"><br>IMPORT\u00c2NCIA DA CASTRA\u00c7\u00c3O\n\n<\/h2>\t\t\t\t<\/div>\n\t\t\t\t<\/div>\n\t\t\t\t\t<\/div>\n\t\t<\/div>\n\t\t\t\t\t<\/div>\n\t\t<\/section>\n\t\t\t\t<section class=\"elementor-section elementor-top-section elementor-element elementor-element-99a874b elementor-section-boxed elementor-section-height-default elementor-section-height-default\" data-id=\"99a874b\" data-element_type=\"section\">\n\t\t\t\t\t\t<div class=\"elementor-container elementor-column-gap-default\">\n\t\t\t\t\t<div class=\"elementor-column elementor-col-100 elementor-top-column elementor-element elementor-element-94fc386\" data-id=\"94fc386\" data-element_type=\"column\">\n\t\t\t<div class=\"elementor-widget-wrap elementor-element-populated\">\n\t\t\t\t\t\t<div class=\"elementor-element elementor-element-0df0680 elementor-widget elementor-widget-text-editor\" data-id=\"0df0680\" data-element_type=\"widget\" data-widget_type=\"text-editor.default\">\n\t\t\t\t<div class=\"elementor-widget-container\">\n\t\t\t\t\t\t\t\t\t<p>Voc\u00ea j\u00e1 ouviu falar a frase &#8220;castrar \u00e9 um ato de amor&#8221;? Pois n\u00e3o poderia ser mais correta!<\/p><p>Ainda persistem antigos mitos sobre a castra\u00e7\u00e3o dos pets, como por exemplo, que o macho ficar\u00e1 frustrado e triste ou que a f\u00eamea dever\u00e1 ter ao menos uma ninhada antes de ser castrada para que se mantenha saud\u00e1vel e feliz, mas nada disso \u00e9 verdadeiro!<\/p><p>Al\u00e9m de ser a medida mais segura e eficaz de controle populacional, a castra\u00e7\u00e3o traz in\u00fameros benef\u00edcios para a sa\u00fade do seu pet, como esses que elencaremos a seguir:<\/p><ul><li>Nas f\u00eameas, a castra\u00e7\u00e3o diminui o risco de c\u00e2ncer de mama. E quanto mais cedo, melhor: 99% das cadelas castradas antes do primeiro cio n\u00e3o desenvolvem a doen\u00e7a. Nas gatas a castra\u00e7\u00e3o reduz as chances de c\u00e2ncer de mama entre 40 a 60%.<\/li><li>As f\u00eameas n\u00e3o ficam mais vulner\u00e1veis a infec\u00e7\u00f5es uterinas graves, como a piometra, uma vez que o seu aparelho reprodutor \u00e9 removido durante o procedimento;<b><\/b><\/li><li>As f\u00eameas n\u00e3o entram mais no cio, poupando os tutores de lidar com esse per\u00edodo;<\/li><li>Em machos, a castra\u00e7\u00e3o reduz a frustra\u00e7\u00e3o sexual e a necessidade de sair em busca de &#8220;namoradas&#8221;. Ao mesmo tempo, isso diminui o risco de fugas, atropelamentos e brigas com outros machos;<\/li><li>Com a castra\u00e7\u00e3o dos machos, reduz-se em grande escala os problemas de pr\u00f3stata e evita-se o c\u00e2ncer de test\u00edculo, que pode ser fatal;<\/li><li>C\u00e3es e gatos machos sentem menos necessidade de marcar o seu territ\u00f3rio com urina;<\/li><li>Seu pet tamb\u00e9m pode ficar mais d\u00f3cil, facilitando a intera\u00e7\u00e3o e reduzindo situa\u00e7\u00f5es problem\u00e1ticas, especialmente entre os que tinham comportamento agressivo antes.<\/li><\/ul><p>\u00c9 importante ressaltar que a castra\u00e7\u00e3o n\u00e3o faz os animais engordarem, o que acontece em alguns casos \u00e9 a redu\u00e7\u00e3o de atividade f\u00edsica, pois o animal fica mais calmo e isso sim pode lev\u00e1-lo a ganhar peso. A castra\u00e7\u00e3o \u00e9 sim um ato de amor.<\/p>\t\t\t\t\t\t\t\t<\/div>\n\t\t\t\t<\/div>\n\t\t\t\t\t<\/div>\n\t\t<\/div>\n\t\t\t\t\t<\/div>\n\t\t<\/section>\n\t\t\t\t<section class=\"elementor-section elementor-top-section elementor-element elementor-element-b1001e4 elementor-section-boxed elementor-section-height-default elementor-section-height-default\" data-id=\"b1001e4\" data-element_type=\"section\">\n\t\t\t\t\t\t<div class=\"elementor-container elementor-column-gap-default\">\n\t\t\t\t\t<div class=\"elementor-column elementor-col-100 elementor-top-column elementor-element elementor-element-b11cdf3\" data-id=\"b11cdf3\" data-element_type=\"column\">\n\t\t\t<div class=\"elementor-widget-wrap elementor-element-populated\">\n\t\t\t\t\t\t<div class=\"elementor-element elementor-element-8767e50 elementor-widget elementor-widget-heading\" data-id=\"8767e50\" data-element_type=\"widget\" data-widget_type=\"heading.default\">\n\t\t\t\t<div class=\"elementor-widget-container\">\n\t\t\t\t\t<h2 class=\"elementor-heading-title elementor-size-default\">CUIDADOS PR\u00c9 OPERAT\u00d3RIO\n<\/h2>\t\t\t\t<\/div>\n\t\t\t\t<\/div>\n\t\t\t\t\t<\/div>\n\t\t<\/div>\n\t\t\t\t\t<\/div>\n\t\t<\/section>\n\t\t\t\t<section class=\"elementor-section elementor-top-section elementor-element elementor-element-0338c3c elementor-section-boxed elementor-section-height-default elementor-section-height-default\" data-id=\"0338c3c\" data-element_type=\"section\">\n\t\t\t\t\t\t<div class=\"elementor-container elementor-column-gap-default\">\n\t\t\t\t\t<div class=\"elementor-column elementor-col-100 elementor-top-column elementor-element elementor-element-115478e\" data-id=\"115478e\" data-element_type=\"column\">\n\t\t\t<div class=\"elementor-widget-wrap elementor-element-populated\">\n\t\t\t\t\t\t<div class=\"elementor-element elementor-element-b688654 elementor-widget elementor-widget-text-editor\" data-id=\"b688654\" data-element_type=\"widget\" data-widget_type=\"text-editor.default\">\n\t\t\t\t<div class=\"elementor-widget-container\">\n\t\t\t\t\t\t\t\t\t<p><span style=\"color: var( --e-global-color-text ); font-family: var( --e-global-typography-text-font-family ), Sans-serif; font-weight: var( --e-global-typography-text-font-weight );\">Quando o animal \u00e9 submetido a um procedimento anest\u00e9sico-cir\u00fargico \u00e9 importante seguir corretamente estas orienta\u00e7\u00f5es:<\/span><\/p><p>I &#8211; Traga-o em jejum alimentar de 12 horas e de \u00e1gua de, no m\u00ednimo, 06 horas.<\/p><p>II &#8211; Banhe-o um dia antes da cirurgia.<\/p><p>III- Antes do procedimento o animal ser\u00e1 submetido a exame e avalia\u00e7\u00e3o do m\u00e9dico veterin\u00e1rio.<\/p>\t\t\t\t\t\t\t\t<\/div>\n\t\t\t\t<\/div>\n\t\t\t\t<div class=\"elementor-element elementor-element-b37a142 elementor-widget elementor-widget-text-editor\" data-id=\"b37a142\" data-element_type=\"widget\" data-widget_type=\"text-editor.default\">\n\t\t\t\t<div class=\"elementor-widget-container\">\n\t\t\t\t\t\t\t\t\t<p>Este Centro disp\u00f5e de um quantitativo fixo de vagas que s\u00e3o oferecidas por m\u00eas, por\u00e9m, como a demanda \u00e9 sempre maior realizamos frequentemente mutir\u00f5es de castra\u00e7\u00f5es, com objetivo de ampliar ainda mais o n\u00famero de vagas j\u00e1 ofertadas.<\/p>\t\t\t\t\t\t\t\t<\/div>\n\t\t\t\t<\/div>\n\t\t\t\t\t<\/div>\n\t\t<\/div>\n\t\t\t\t\t<\/div>\n\t\t<\/section>\n\t\t\t\t<section class=\"elementor-section elementor-top-section elementor-element elementor-element-1732be3 elementor-section-boxed elementor-section-height-default elementor-section-height-default\" data-id=\"1732be3\" data-element_type=\"section\">\n\t\t\t\t\t\t<div class=\"elementor-container elementor-column-gap-default\">\n\t\t\t\t\t<div class=\"elementor-column elementor-col-100 elementor-top-column elementor-element elementor-element-e416789\" data-id=\"e416789\" data-element_type=\"column\">\n\t\t\t<div class=\"elementor-widget-wrap elementor-element-populated\">\n\t\t\t\t\t\t<div class=\"elementor-element elementor-element-1775cfc elementor-widget elementor-widget-text-editor\" data-id=\"1775cfc\" data-element_type=\"widget\" data-widget_type=\"text-editor.default\">\n\t\t\t\t<div class=\"elementor-widget-container\">\n\t\t\t\t\t\t\t\t\t<p>Fa\u00e7a<b> aqui o seu agendamento<\/b><\/p><p>\u00a0O Castra M\u00f3vel est\u00e1 atendendo atualmente no <strong>Bairro da Liberdade<\/strong>, no <strong>Parque da Liberdade.<br \/><br \/><\/strong><span class=\"selectable-text copyable-text false\" style=\"white-space-collapse: preserve;\">Os moradores dos bairros do <strong>Jardim Paulistano, S\u00e3o Jos\u00e9, Santa Rosa e Santa Cruz<\/strong> tamb\u00e9m poder\u00e3o procurar o servi\u00e7o.<\/span><\/p><p>Atente-se \u00e0 localiza\u00e7\u00e3o do seu bairro.\u00a0<\/p>\t\t\t\t\t\t\t\t<\/div>\n\t\t\t\t<\/div>\n\t\t\t\t<div class=\"elementor-element elementor-element-62eb7d2 elementor-widget elementor-widget-button\" data-id=\"62eb7d2\" data-element_type=\"widget\" data-widget_type=\"button.default\">\n\t\t\t\t<div class=\"elementor-widget-container\">\n\t\t\t\t\t\t\t\t\t<div class=\"elementor-button-wrapper\">\n\t\t\t\t\t<a class=\"elementor-button elementor-button-link elementor-size-xl\" href=\"https:\/\/docs.google.com\/forms\/d\/e\/1FAIpQLScGiYm6dn-A_hr52Wk1oOg4V2WWDZDp-eNg1o7QMOzsAUvOmg\/viewform?usp=sf_link\" target=\"_blank\">\n\t\t\t\t\t\t<span class=\"elementor-button-content-wrapper\">\n\t\t\t\t\t\t\t\t\t<span class=\"elementor-button-text\">AGENDAR<\/span>\n\t\t\t\t\t<\/span>\n\t\t\t\t\t<\/a>\n\t\t\t\t<\/div>\n\t\t\t\t\t\t\t\t<\/div>\n\t\t\t\t<\/div>\n\t\t\t\t\t<\/div>\n\t\t<\/div>\n\t\t\t\t\t<\/div>\n\t\t<\/section>\n\t\t\t\t<\/div>\n\t\t","protected":false},"excerpt":{"rendered":"<p>AGENDAMENTO PARA O CASTRA M\u00d3VEL IMPORT\u00c2NCIA DA CASTRA\u00c7\u00c3O Voc\u00ea j\u00e1 ouviu falar a frase &#8220;castrar \u00e9 um ato de amor&#8221;? Pois n\u00e3o poderia ser mais [&hellip;]<\/p>\n","protected":false},"author":1,"featured_media":0,"parent":0,"menu_order":0,"comment_status":"closed","ping_status":"closed","template":"","meta":{"footnotes":""},"class_list":["post-429","page","type-page","status-publish","hentry"],"_links":{"self":[{"href":"https:\/\/centrodezoonoses.campinagrande.pb.gov.br\/index.php?rest_route=\/wp\/v2\/pages\/429","targetHints":{"allow":["GET"]}}],"collection":[{"href":"https:\/\/centrodezoonoses.campinagrande.pb.gov.br\/index.php?rest_route=\/wp\/v2\/pages"}],"about":[{"href":"https:\/\/centrodezoonoses.campinagrande.pb.gov.br\/index.php?rest_route=\/wp\/v2\/types\/page"}],"author":[{"embeddable":true,"href":"https:\/\/centrodezoonoses.campinagrande.pb.gov.br\/index.php?rest_route=\/wp\/v2\/users\/1"}],"replies":[{"embeddable":true,"href":"https:\/\/centrodezoonoses.campinagrande.pb.gov.br\/index.php?rest_route=%2Fwp%2Fv2%2Fcomments&post=429"}],"version-history":[{"count":54,"href":"https:\/\/centrodezoonoses.campinagrande.pb.gov.br\/index.php?rest_route=\/wp\/v2\/pages\/429\/revisions"}],"predecessor-version":[{"id":1010,"href":"https:\/\/centrodezoonoses.campinagrande.pb.gov.br\/index.php?rest_route=\/wp\/v2\/pages\/429\/revisions\/1010"}],"wp:attachment":[{"href":"https:\/\/centrodezoonoses.campinagrande.pb.gov.br\/index.php?rest_route=%2Fwp%2Fv2%2Fmedia&parent=429"}],"curies":[{"name":"wp","href":"https:\/\/api.w.org\/{rel}","templated":true}]}}